, -4*g = 5*o - 235 - z. What is the tens digit of g?
1
Let l(s) = -s**2 - 12*s - 9. Let i be l(6). Let z = -45 - i. What is the units digit of z?
2
Let a = -11 + 8. Let j be (a*(-1 + 2))/((-144)/672). Let o(s) = -2*s**3 + 28*s**2 + 19*s - 19. What is the hundreds digit of o(j)?
2
Suppose 5*v - 9 - 16 = 0. Suppose -12 + v = -k. Suppose k*u - 100 = 5*u. What is the tens digit of u?
5
Suppose -5*h = -8*h + 9. Suppose v - 245 = 5*t, v - h*v = -3*t - 504. What is the units digit of v?
5
What is the units digit of ((-3226)/5)/(40/(-300))?
9
Suppose -5*x = -3*s - 69471, 160*x = 161*x - 5*s - 13903. What is the hundreds digit of x?
8
Let n be 4/2 + (-780)/4. Let g = n + 515. What is the units digit of g?
2
Suppose 1 - 13 = -4*b. Suppose 7 + b = 2*q - 4*r, 5*q + 5*r = 10. Suppose 6*w - 4*v - 35 = w, q*w - 21 = 4*v. What is the units digit of w?
7
Let d(j) = -j**3 + 1. Let c(b) = -1551*b**3 + 4*b**2 + 8*b + 8. Let r(o) = c(o) - 2*d(o). What is the tens digit of r(-1)?
5
Suppose -572 = -6*f - 92. What is the units digit of (8/(-12))/((f/(-14796))/10)?
3
Let f(o) = 17 + 16*o**3 + 19*o**2 + 23*o - 8*o**3 - 9*o - 7*o**3. What is the units digit of f(-13)?
9
Suppose h + 8 = 24. Let f = h - 10. What is the units digit of 3*3/f - 38/(-4)?
1
Let t(y) = 372*y**2 - 18*y + 19. What is the ten thousands digit of t(6)?
1
Let j = 6528 + 1432. What is the hundreds digit of j?
9
Let g = -182 - -132. What is the tens digit of (-20)/g - 296/(-10)?
3
Suppose 4*r = 5*a - 10, -2*r + 2 = 2*r + a. Suppose r = -u + l + 2, l = u - l - 3. What is the hundreds digit of 149/u + 4 + 1?
1
Let w(y) = -y**3 - 5*y**2 - 4*y - 12. Let p be w(-8). Suppose -3*i - 2*i = 530. Let c = i + p. What is the units digit of c?
6
What is the hundreds digit of ((-180)/80)/(9/(-132276))?
0
Let r(l) = l**3 + 20*l**2 + 17*l + 18. Let t be r(-19). Let o be (-266)/8*t/(-7). Suppose 32 = -4*m + 3*n + 550, -2*n + o = 2*m. What is the units digit of m?
1
Let n(m) be the second derivative of -9*m**3 - 283*m**2/2 - m + 109. What is the tens digit of n(-7)?
9
Let p = 158395 + -112730. What is the ten thousands digit of p?
4
Suppose 4*j + 4*g = 24, -j + 3*g - 12 + 2 = 0. What is the units digit of 37/((-12)/(-4) - j)?
7
Suppose -z - 4*h + 20339 = -12880, 2*h - 166149 = -5*z. What is the ten thousands digit of z?
3
What is the units digit of 605650/40 + (26/39)/(8/(-3))?
1
Suppose 102 = -5*a + 12. Suppose -i + g = 52, 0*i + 54 = -i + 2*g. What is the units digit of (48/a)/(i/48 - -1)?
4
Let k be (0/1 - -2)*(0 - -7). Let h be (3/6)/(7/k). What is the tens digit of 6 - -108 - -1 - (-3)/h?
1
Suppose 4*z + 37 + 13 = 2*i, -3*i + 69 = -3*z. Suppose n - 5*q - 7 = -4*q, -q - i = -3*n. Suppose -n*o = -3*o - 116. What is the units digit of o?
9
Let t = 79 - 78. Suppose 11 = 4*g - t. What is the tens digit of g*(7 + 1)*(-34)/(-6)?
3
What is the thousands digit of (15 + 814/(-55))*(-1 - -48216)?
9
Suppose 0 = 4*l - g - 11, 2*l - g = 4*l - 7. Let n = 683 - 578. Suppose -n = -w + 2*z, 3*w - l*z = 160 + 155. What is the hundreds digit of w?
1
Let h be -10 - 1*(-72)/(-8). Let x(u) be the second derivative of u**5/20 + 7*u**4/4 + 16*u**3/3 - 15*u**2/2 + 2*u. What is the units digit of x(h)?
9
Suppose -3*h - 15 = -2*f, -3*f + 9 = -h - 3. Let k be ((-10)/(-25))/(4/320). Suppose -f*l - 5*d = -26, 3*l + 3*d - k = d. What is the tens digit of l?
1
Let r(d) = d**3 + 11*d**2 - 2*d - 18. Let a be r(-11). What is the units digit of a/(-16) + 22/(-8) - -104?
1
Let b be 14/(((-12)/(-9))/((-2)/(-3))). Suppose 0*k = -b*k + 28. Suppose 0 = -d - 4*w + 50, -5*d + k*w + 226 = -0*d. What is the tens digit of d?
4
Let q(n) be the first derivative of 85*n**2/2 - 2*n + 8. Let c be q(1). Let y = -33 + c. What is the tens digit of y?
5
Let o = 16 - 14. Let c be (5 - -1)/(o + 32/(-14)). What is the units digit of 370/6 - 2 - (-14)/c?
9
Suppose -7*v = -2*v - 5*u - 3585, -3*v - 2*u = -2146. Suppose v = 5*b + 176. What is the tens digit of b?
0
Let d = 136 + -139. Let b(g) = -64*g - 4. What is the units digit of b(d)?
8
Suppose 0 = -89*g + 84*g + 60. Suppose 4*z - 1311 = 2*i + 1131, -4*i - g = 0. Suppose -z = 13*a - 1857. What is the units digit of a?
6
Let p(u) = u**2 + 3*u + 3. Let q be p(-6). Let m be q*-2*(-14)/(-12). Let t = 64 + m. What is the units digit of t?
5
Suppose 1395 = 2*k - 6613. Suppose 14*s - k = s. What is the hundreds digit of s?
3
Suppose -15*j - 10 = -13*j. What is the hundreds digit of ((-77472)/240)/(2/j)?
8
Let w = 105 - 103. Suppose -2*v + f + 5 = -4, -w*v - 3*f = -29. Suppose 2*o = -v*o + 162. What is the units digit of o?
8
Suppose t + 14 = 4*p + 4, 3*t = 4*p - 6. Let s(k) = 5*k + 9. Let d be s(1). Suppose -660 = -d*n + p*n. What is the units digit of n?
0
Let m(z) = 2711*z - 39. What is the thousands digit of m(4)?
0
Suppose 2*j = -3*x + 126831, -10*x + 20*x = 4*j - 253550. What is the thousands digit of j?
3
Let h(y) = y**2 + 6*y + 4. Let a be h(0). Suppose -1129 = 2*k - 5*k - a*q, -2*q + 8 = 0. What is the hundreds digit of k?
3
Suppose 5*d + 8 = -2*g, d - 4*d + 4*g = -16. Let v be (-5 - (-14 - -11))*(-265)/2. Suppose 5*j - 435 - v = d. What is the units digit of j?
0
Let l be 0 - (-3 - -2)/(1 + 0). Let r(c) = 528*c + 10. What is the units digit of r(l)?
8
Suppose 0 = 5*a + n - 3636, -3*a + 6*a + 2*n = 2183. Suppose -3315 + a = -4*f. What is the hundreds digit of f?
6
Suppose -71 + 206 = 15*v. What is the units digit of (-6)/v*(-327)/(-2)*-5?
5
Suppose 5*s = -5*b + 5, 6 = 5*s + b + 3*b. Let q be 4 + (-96)/44 - s/(-11). Suppose 0 = -q*g - m + 84, 2*g - 133 = -g - 5*m. What is the tens digit of g?
4
Let n be ((-945)/6)/(-7)*(-12)/(-15). Suppose -n*c - 1203 = -19*c. What is the hundreds digit of c?
2
Let v be 4 + (10/35 - (-16)/(-7)). Suppose -65 - 43 = -v*h. Suppose -c + h = -20. What is the tens digit of c?
7
Let q = 176 + -107. Let l(r) = -70 - q + 140 - r + 11*r**2. What is the tens digit of l(3)?
9
Suppose 422302 + 213881 = 29*h + 107687. What is the units digit of h?
4
Let r(d) = -2*d**3 + 17*d**2 - 6*d + 9. Let l be r(8). Let i = 23 - l. Let z(k) = -12*k - 4. What is the units digit of z(i)?
0
Suppose q + 4*q = -3*d + 58540, 5*q = -6*d + 117100. What is the tens digit of d?
2
Let d(s) = -5651*s - 4951. What is the hundreds digit of d(-7)?
6
Suppose -3*y - 26400 = -11*y - 3*d, 5*d + 9900 = 3*y. What is the units digit of y?
0
Let c be (-2)/8 - -11153*9/36. Let i = c + -1801. What is the hundreds digit of i?
9
Suppose -11*w - 13*w + 194740 = -4*w. What is the thousands digit of w?
9
Let q(s) = -70*s**2 + s + 2. Let p be q(2). Let j = p + 421. What is the hundreds digit of j?
1
Let l = -1357 + 1932. Let r be 2/6*-2 - (-253)/69. Suppose 3*v = -5*m + l, m - 26 = r*v + 71. What is the hundreds digit of m?
1
Suppose 614377 = 84*h - 683843. What is the hundreds digit of h?
4
Let u = -504 - -2294. Suppose -n + 5*c + 167 + 207 = 0, -5*n + 5*c + u = 0. What is the units digit of (0 - n/(-4))*2?
7
Let l = 1137 - 675. Let i = -364 + l. What is the tens digit of i?
9
Let g be ((-2)/(-6))/1 - 208/(-78). Suppose 0 = -y + 2*w + 14 + 33, 3*w = g*y - 153. What is the tens digit of y?
5
Let q(l) = -l**2 + 8*l - 12. Let x be q(7). Let b(g) = -86*g + 25. What is the tens digit of b(x)?
5
What is the thousands digit of 2707 + ((-84)/(-10) - 6)/((-4)/10)?
2
Suppose -r = -0*r - 2*u + 8, -12 = 3*r - 3*u. Suppose r*t - 36 = -3*t. Suppose t*d - 420 = 5*d. What is the units digit of d?
0
Suppose -521*o = -507*o - 710 - 424. What is the tens digit of o?
8
Let h = -712 - -1261. Suppose 5*x + k - 909 = 0, -2*x - x + h = -3*k. Suppose -2*d + x = -24. What is the units digit of d?
3
Let c(o) be the first derivative of -o**3/3 + 35*o**2/2 + 15*o - 93. What is the units digit of c(9)?
9
Suppose -2*y = -4*y. Suppose -f + 2*d + 318 = -555, y = -3*f - d + 2591. What is the hundreds digit of f?
8
Let f(r) = -65*r + 5. Let v(h) = -196*h + 13. Let p(l) = -21*f(l) + 6*v(l). What is the hundreds digit of p(4)?
7
Let c = -2813 + 2810. Let l be 2/(4/(-6)*3). What is the tens digit of (162 - c - l) + 2 + -5?
6
Let b = 449 + -432. Suppose -1656 = b*w - 8201. What is the units digit of w?
5
Let b = -7 - -9. Suppose 5*u - 303 = b*u. Suppose y - 3*v = -30 + u, -3*y = 2*v - 235. What is the units digit of y?
7
Let s = -192 - -208. What is the tens digit of (-5)/(-560)